e?
True
Let i be ((-1)/(-3))/((-3)/27). Let d be 28/14 - i*1. Suppose -4*t - 3*a + 464 = 0, d*t - 5*a - 545 = -0*t. Is t composite?
False
Suppose -3*b - 4*g = -224, 0 = -0*g + 3*g + 3. Let a(n) = -n**3 + 23*n**2 + 25*n - 22. Let m be a(24). Suppose 0*w - b = -m*w. Is w a composite number?
True
Suppose 4*l - 32 = -4*l. Suppose 14773 = 8*t - 3*t - l*f, -t = -4*f - 2961. Is t prime?
True
Let t be -1 + 120 - 0/10. Suppose -t*a + 116*a = -12147. Is a composite?
False
Suppose -3*j + 11379 - 568 = -5*a, 0 = -4*j + 4*a + 14420. Is j composite?
False
Suppose -7*a - 15 = -2*a. Is 2*52/(-8)*a prime?
False
Let b(j) = 396*j**2 - 29*j - 223. Is b(-9) prime?
False
Suppose 5*i = i + 1280. Let u = 861 - i. Suppose -3*h = -3*o - 2*h + u, -5*o - 2*h + 887 = 0. Is o composite?
False
Let g(l) = -l**2 - 5*l + 2. Let o be g(-4). Let d = -892 + 1612. Suppose o*h - 2802 = d. Is h a composite number?
False
Let v = -1223 - -2438. Suppose 10*y - v = 7*y. Let d = y - 242. Is d a prime number?
True
Let j = 33987 - 6700. Is j a composite number?
True
Suppose -8*j = -5*j - 12. Suppose 2*f - 766 = -3*i, j*f - i - 2064 + 518 = 0. Suppose m + 4*c + 25 = f, -2*m + 4*c + 782 = 0. Is m prime?
False
Suppose 16 = -4*v, -r + 0*v = -5*v - 236. Suppose 3*j + r = 4*j. Suppose -7*x + 2*x + 4*u = -323, j = 3*x + 5*u. Is x prime?
True
Let q be (-5 - -2)/((-5)/((-490)/(-6))). Suppose q*b - 44*b = 4775. Is b a prime number?
False
Suppose 5*a - 9 = 2*a. Suppose -3*p = 4*k - 3*k - 420, 0 = -3*p + a*k + 408. Is p prime?
True
Suppose -4*s = 34 - 122. Let c(k) = 3*k**2 - 2*k**2 + s - 4 + 6*k. Is c(-13) composite?
False
Suppose 3*x + 5*s + 1 = 124, -3*s = 0. Let o = x - -74. Is o a composite number?
True
Is 549/(-45) - -11 - 66333/(-15) a prime number?
True
Let a be (0 - (-6)/4)/(138/13432). Suppose 435 = w - a. Is w a prime number?
False
Let v(p) = -12356*p + 281. Is v(-7) prime?
False
Is (-66676)/(-12) - (3 + (-33)/9) prime?
True
Let j(p) = p**3 + 3*p**2 - 7*p - 4. Suppose 6*b - 25 = 17. Is j(b) composite?
True
Let v be (6 + 132/(-18))*(-63)/2. Let q = -12 + 7. Let h = v + q. Is h prime?
True
Let b be (-5)/50*616 - 2/5. Suppose 3*t = -349 - 44. Let d = b - t. Is d composite?
True
Let m(j) be the first derivative of 47*j**2 - 5*j - 12. Is m(4) a composite number?
True
Suppose -2*n = -327 - 1967. Is n a prime number?
False
Let i(w) = -61*w + 12. Let z = 15 - 11. Suppose -d - 4*d - 30 = o, 3*o - z*d - 5 = 0. Is i(o) prime?
True
Suppose 3*u + 34552 = 4*g + u, -2*u = -g + 8641. Is g composite?
True
Let n = -127 + 129. Suppose -2059 = n*h - 3*h. Is h a composite number?
True
Suppose -l = 5*t + 5 - 17, 5*l + 30 = 5*t. Let r = t + -7. Is (-73)/(-2*r/(-16)) composite?
True
Suppose -5*n = -47*u + 45*u - 120577, 3*n = -u + 72355. Is n composite?
True
Let o be (-6)/(-2) - (1483 - 8/2). Is -1*1*(-2 + (o - -1)) a prime number?
False
Let f = 3 - -1. Suppose 25 = 2*g + 3*r, g + f = -0*r + 4*r. Is 3 + -3 + -1 + g a composite number?
False
Let m(o) = o**3 + 20*o**2 + 10*o + 14. Let d be m(-14). Suppose 0 = h + 4*v - 225, -9*v = 5*h - 4*v - d. Is h composite?
True
Is 14/28*-3*21332/(-6) a composite number?
False
Suppose 3*z + 4 = -2*y, -z - 6*y - 8 = -4*y. Is z + 62*4 + 1 a composite number?
False
Suppose 2*n + 8 = 0, 5*a - 1493 + 304 = n. Let f = a - -106. Suppose 4*s - 2*x = -s + f, 2*s + 3*x - 122 = 0. Is s a composite number?
False
Let z be (0 + 4)/((-2)/(-3)). Let k(u) = 44*u**2 - 2*u - 13. Is k(z) prime?
True
Let u(s) = -s + 11. Let o be u(6). Suppose -o*k + 7*k - 370 = 0. Suppose k = -0*y + 5*y. Is y a composite number?
False
Let t(m) = 229*m - 9. Let c be 0 + -4*3/(-6). Is t(c) a composite number?
False
Let y(q) = -q**3 - 3*q**2 + 27*q + 30. Is y(-11) prime?
True
Suppose 3*z - 57103 = -2*o, z = -5*o - 8459 + 27502. Is z composite?
True
Let u be 3332/(-17)*(-30)/4. Let i = 2257 - u. Is i a prime number?
True
Suppose -23590 = -4*t + 2*a, 0 = -48*a + 44*a + 12. Is t prime?
False
Let s(p) = -34*p - 21. Let l(a) = -4*a**3 - 2*a + 1. Let h be l(1). Is s(h) a composite number?
False
Let s be (-3)/(-15) - (-38)/10. Suppose -4*x = -5*c + 469, -s*c = 3*x - 68 - 301. Is c composite?
True
Let y = -3426 + 5793. Let p = -1661 + y. Is p a prime number?
False
Suppose -3*y = 28*j - 23*j - 97186, j - 3*y - 19448 = 0. Is j prime?
False
Let r = -17057 - -34296. Is r a composite number?
False
Suppose -11*i + 112 = -4*i. Let j = -16 + i. Suppose -u = 2*d - 57, 4*d + j*d = -3*u + 109. Is d a prime number?
True
Let v(n) = -663*n - 863. Is v(-8) composite?
False
Let b be 4/20 - 2/10. Suppose b = -0*h + h - 2. Suppose 2*u = 5*o - 455, h*u = 4*o - 192 - 170. Is o a prime number?
False
Suppose 7*q = -16*q + 127949. Is q a prime number?
True
Let k(o) be the first derivative of 555*o**2/2 + 4*o - 6. Is k(2) a composite number?
True
Let i(f) = f**2 - f - 7. Let s be i(-3). Is ((-2)/6)/(s - 27636/5526) prime?
True
Suppose 2*x - 166*s - 74951 = -161*s, -4*s + 112369 = 3*x. Is x prime?
True
Let h = 5 + 0. Suppose -h*b = -5*c - 8145, 0 = 2*b + 3*b + c - 8157. Is b prime?
False
Let j(d) = -4*d**3 + 17*d**2 - 4*d + 3. Let l be j(4). Suppose -3*g = -4*m + g + 508, 4*m + l*g = 480. Is m composite?
True
Suppose -3*d - 3*j - 87 = 0, 0*j + 23 = -2*d + 5*j. Let y be ((-1)/3)/((-4)/d). Is 0/y - (11 + -690) a prime number?
False
Suppose 138 = 5*c + 2*a, -2*c - 13 + 49 = -4*a. Let l = c + -9. Suppose l*o - 111 = 14*o. Is o a composite number?
False
Let b be -4 + 1 - ((-44)/4 + -2). Suppose -b*v = -7*v - 11499. Is v a prime number?
True
Let h(j) = 12713*j - 122. Is h(3) a composite number?
True
Let b(d) = d**2 + 10*d - 6. Let j(g) = 2*g**2 + 9*g - 5. Let a(f) = 3*b(f) - 2*j(f). Let y be a(11). Suppose -y*t - 72 = -705. Is t a prime number?
True
Suppose 54*g = 48*g + 110730. Is g composite?
True
Let d = 44930 - 29347. Is d a composite number?
False
Suppose 5*h = 3*c - 1 - 40, -4*c - 2*h = -20. Suppose -8 = -5*b + c. Suppose 0 = -b*s + 2*s + 53. Is s prime?
True
Suppose 2*r = n - 4*n - 13, 21 = -3*r - 5*n. Let m(z) = 299*z - 355*z - 3 + 2 - 421*z. Is m(r) a prime number?
True
Let c(h) = 661*h**2 - 2*h - 1. Let v be c(-1). Let u be (-3)/((6/32)/(3/12)). Is (3 + -5)/(u/v) a prime number?
True
Let i be (-15)/(-6) - (-4)/8. Suppose -2*q - i = 4*f + 1, 2*f = -8. Is q a prime number?
False
Is -3 + 3 + 2 - (-16877 + 0) a composite number?
False
Suppose 21*d = 9*d + 2292. Suppose -16*y + d = -15*y. Is y a composite number?
False
Suppose 3*r = -5*i - 0*r + 560, 2*i - 5*r = 255. Suppose -27*p = -26*p - i. Is p a prime number?
False
Let d = 354 - 653. Let o be 10/35 - d/7. Suppose o = 2*n - 23. Is n composite?
True
Let d(x) = x**3 - 3*x + 6. Let j be d(4). Suppose 2*p = 4*f - j, 2*f + 3*f - 50 = -5*p. Suppose -5*c - f = h - 233, -4*h = -3*c - 811. Is h composite?
True
Let f = 433 - 32. Suppose f = 3*r + 4*i - 3722, -6890 = -5*r - 3*i. Is r composite?
False
Suppose -29949 = -3*p - u, 5*p = 4*u - 8*u + 49915. Is p composite?
True
Let r = -77 - -131. Suppose -2*c + 191 - 31 = 0. Suppose c + r = 2*x - 4*g, 0 = 3*x - 4*g - 211. Is x composite?
True
Let o(c) = 32*c**2 + 1. Let j = -14 + 16. Let h be o(j). Let k = -76 + h. Is k composite?
False
Suppose 4*s = -5*x + 21, 4*x - 4*s = 36 - 12. Suppose 1285 = x*j - 760. Is j composite?
False
Let l(u) = -6986*u - 3. Let s = 24 - 21. Let t be l(s). Is (-4)/26 + t/(-117) prime?
True
Suppose 4*i = 4*x + 576 - 8, -3 = x. Suppose -8*j + i = -7*j. Is j composite?
False
Let i = -8975 - -23026. Is i composite?
False
Let p be ((-13830)/(-45))/((-4)/(-6)). Let s = 904 - p. Is s a composite number?
False
Suppose -3*n - 36 = -7*n. Suppose -n*i = -18*i + 4977. Is i prime?
False
Let x(q) = -1529*q - 137. Is x(-18) a prime number?
False
Suppose -4*d = -d + 309. Let t(c) = -c**3 - 35*c**2 - 11*c - 23. Let k be t(-35). Let n = k + d. Is n composite?
True
Is ((-90238)/4)/((-78)/156) prime?
True
Suppose -x = 4*s - 797, -s - 1616 = -2*x + 2*s. Suppose -4*m - x - 991 = 0. Let k = -36 - m. Is k prime?
False
Suppose 4*m - 2*w = 10, 3*m - 3*w - 5 - 1 = 0. Suppose -5 = -5*h, -m*f = -f - 4*h - 366. Is f a composite number?
True
Let y(p) = 36*p + 75. Let g(q) = -73*q - 150. Let v(k) = -4*g(k) - 9*y(k). Is v(-9) a composite number?
True
Suppose -8*m + 99 + 15685 = 0. Is m composite?
False
Let a(n) = -1792*n + 2. Let i be a(-1). Suppose -4*o + 994 = -